*y + 2. Calculate h(-18).
2
Let a(p) = p**2 + 9*p + 5. Calculate a(-9).
5
Let c(b) = b**3 + 4*b**2 - 8*b - 4. Calculate c(-6).
-28
Let b(v) = -16*v - 179. Determine b(-12).
13
Let q(i) = -i**3 + 6*i**2 - 11*i + 15. Give q(4).
3
Let d(t) = 6*t + 81. What is d(-15)?
-9
Let k(n) = 24*n**3 + 2*n**2 + 5*n + 4. Calculate k(-1).
-23
Let r(p) = p - 8. What is r(7)?
-1
Let j(o) = -2*o**3 - 7*o**2 - 2. Determine j(-5).
73
Let v(d) = -d**2 - 32*d + 43. Determine v(-33).
10
Let h(d) = -6*d + 9. What is h(3)?
-9
Let f(t) = 31*t - 7. Give f(-2).
-69
Let m(b) = 3*b - 1. Calculate m(-8).
-25
Let w(u) = -49*u - 1. Calculate w(-1).
48
Let y(h) = h**3 - 29*h**2 + 52*h + 49. Determine y(27).
-5
Let k(a) = 208*a + 1256. Calculate k(-6).
8
Let k(s) = 3*s + 43. Give k(-13).
4
Let f(i) = 2*i + 24. Give f(13).
50
Let g(a) = a**3 + 11*a**2 + 26*a + 9. Calculate g(-7).
23
Let a(w) = -3*w**2 - 12*w + 21. Give a(2).
-15
Let j(w) = 2*w**2 - 6*w - 19. Determine j(-3).
17
Let t(o) = -o**2 + 8*o + 38. What is t(11)?
5
Let u(m) = 2*m - 13. Give u(7).
1
Let j(o) = -115*o + 11. What is j(0)?
11
Let i(k) = 7*k - 6. Give i(2).
8
Let d(r) = r**2 + 26*r + 44. Calculate d(-24).
-4
Let s(t) = t**2 + 19*t + 15. Give s(-20).
35
Let v(l) = -5*l**2 + 1. Give v(-2).
-19
Let o(r) = 23*r**2 + 2*r + 2. Calculate o(-1).
23
Let c(o) = 5*o + 2. Calculate c(6).
32
Let g(w) = -2*w**3 + 34*w**2 - 4*w + 67. Determine g(17).
-1
Let z(g) = g**3 - 29*g**2 - 8*g + 64. Give z(29).
-168
Let s(a) = -a**3 - 7*a**2 - 2*a - 6. Determine s(-7).
8
Let w(b) = b**3 + 13*b**2 + 31*b + 21. Determine w(-10).
11
Let g(v) = -3*v**2 - 4. Determine g(-3).
-31
Let o(p) = 15*p + 34. What is o(-2)?
4
Let j(x) = 6*x - 12. What is j(0)?
-12
Let q(f) = -f**3 - 6*f**2 - f - 20. Give q(-7).
36
Let h(j) = -2*j**2 - 4*j - 11. Determine h(-6).
-59
Let h(n) = -n**3 - 9*n**2 - 4*n + 5. Determine h(-8).
-27
Let u(r) = r - 26. Give u(17).
-9
Let o(y) = -9*y - 5. What is o(-2)?
13
Let w(f) = -f**2 + 9*f + 19. Give w(10).
9
Let l(w) = -w**2 - 11*w - 10. Give l(-10).
0
Let h(t) = -3*t + 36. What is h(4)?
24
Let v(g) = g**2 - 30*g + 25. What is v(11)?
-184
Let h(k) = -20*k - 79. Determine h(-4).
1
Let j(v) = -17*v**2 + 61*v + 10. Calculate j(4).
-18
Let n(t) = -2*t**2 - 20*t - 9. What is n(-11)?
-31
Let c(y) = -3*y**2 + 8*y + 41. Give c(5).
6
Let q(n) = -n**2 + 15*n + 18. Determine q(17).
-16
Let d(a) = -2*a + 16. Calculate d(2).
12
Let q(o) = -o**2 - 4*o - 1. Determine q(-6).
-13
Let r(i) = -i**2 + 14*i + 2. What is r(15)?
-13
Let n(d) = d**3 + 4*d**2 - 5*d - 6. Give n(-4).
14
Let w(n) = n + 19. Determine w(-6).
13
Let k(s) = -s**3 - s**2 + 3*s + 7. Determine k(-3).
16
Let b(i) = -9*i - 38. What is b(-3)?
-11
Let a(q) = -2*q - 33. Calculate a(-14).
-5
Let f(w) = w + 4. Determine f(-20).
-16
Let x(a) = -a**2 - 11*a - 20. Calculate x(-9).
-2
Let a(u) = u**3 + 2*u**2 - 4*u - 1. Calculate a(-3).
2
Let x(z) = -168*z - 2180. Calculate x(-13).
4
Let b(h) = h. Give b(-10).
-10
Let t(j) = -3*j - 16. Calculate t(3).
-25
Let k(g) = 5*g**3 + 43*g**2 - 15*g + 7. Determine k(-9).
-20
Let v(p) = p**3 - p**2 + 2*p - 5. Calculate v(2).
3
Let d(c) = -c**3 + 14*c**2 - 13*c + 8. What is d(13)?
8
Let v(m) = -m**2 + 14*m + 7. Calculate v(14).
7
Let y(i) = i**2 + i. Calculate y(0).
0
Let c(n) = 3*n + 27. Determine c(0).
27
Let m(o) = -o**3 - 11*o**2 + 14*o + 7. Give m(-12).
-17
Let h(n) = 21*n**2 - 3. What is h(2)?
81
Let i(k) = -k**2 + 2*k + 83. Calculate i(0).
83
Let q(k) = k**3 - 12*k**2 - 12*k + 8. Calculate q(13).
21
Let h(f) = f**2 - 5*f + 6. Determine h(5).
6
Let j(y) = -y**2 + 26*y - 44. Give j(24).
4
Let v(b) = b**3 + 3*b**2 - 11*b + 4. What is v(-5)?
9
Let k(r) = 5*r**2 + r - 7. Calculate k(-2).
11
Let i(p) = 7*p + 39. Determine i(-10).
-31
Let j(m) = 2*m**3 + 24*m**2 - m - 13. What is j(-12)?
-1
Let h(i) = -i**2 + 3*i + 5. Determine h(-4).
-23
Let z(d) = -3*d + 4. What is z(4)?
-8
Let t(m) = m**2 + 2*m - 834. Give t(28).
6
Let w(o) = o**2 - 12*o + 1. What is w(9)?
-26
Let o(h) = -h**3 + 9*h**2 + 5*h + 34. Calculate o(10).
-16
Let p(f) = 3*f - 37. Calculate p(11).
-4
Let n(g) = g**2 + 11*g + 18. Determine n(-9).
0
Let n(i) = -4*i + 11. Give n(13).
-41
Let u(x) = 3*x + 86. Determine u(-30).
-4
Let i(a) = -9*a + 31. Calculate i(4).
-5
Let h(r) = 36*r - 82. What is h(2)?
-10
Let m(w) = -16*w + 834. Give m(53).
-14
Let z(y) = 19*y - 25. What is z(5)?
70
Let c(v) = 48*v + 246. Calculate c(-5).
6
Let h(u) = -5*u**2 - 16*u - 17. Determine h(-1).
-6
Let p(b) = -b**3 + 16*b**2 - 29*b + 2. Determine p(14).
-12
Let a(z) = -4*z**2 - 25*z - 5. Determine a(-6).
1
Let l(q) = -9*q + 88. Calculate l(9).
7
Let x(r) = -r**2 - 41*r + 86. Calculate x(-43).
0
Let t(i) = -51*i**2 + 2*i + 1. Calculate t(-1).
-52
Let g(i) = i**3 - 23*i**2 + 43*i - 30. What is g(21)?
-9
Let m(s) = s**3 - s**2 + s - 60. Determine m(0).
-60
Let f(b) = 5*b**3 + 2*b**2 - b - 2. Give f(-1).
-4
Let u(o) = -o - 5. What is u(6)?
-11
Let f(l) = l**3 - 5*l**2 + 5*l - 2. What is f(4)?
2
Let b(w) = -w**3 + 3*w**2 + 7*w + 7. What is b(5)?
-8
Let h(s) = s**2 + 5*s - 11. What is h(-7)?
3
Let y(j) = 2*j + 3. Calculate y(7).
17
Let v(u) = u**3 - 7*u**2 + 4*u + 2. Calculate v(5).
-28
Let r(w) = -w**2 - 11*w - 10. Determine r(-10).
0
Let g(t) = t**3 - 10*t**2 + 10*t + 11. Calculate g(9).
20
Let z(u) = u - 8. Determine z(-7).
-15
Let s(g) = -g**3 + 22*g**2 + 10*g - 229. Give s(22).
-9
Let y(j) = 8*j - 243. What is y(30)?
-3
Let m(j) = j**3 + 9*j**2 + 10*j + 5. Calculate m(-8).
-11
Let f(p) = -p**3 + 2*p**2 - p. What is f(-2)?
18
Let a(n) = -n**3 + 6*n**2 - 8*n + 13. Calculate a(6).
-35
Let q(a) = 2*a**3 - 24*a**2 + a + 9. Calculate q(12).
21
Let k(r) = r - 24. What is k(4)?
-20
Let n(i) = i - 8. Give n(7).
-1
Let l(y) = 4*y - 48. Give l(19).
28
Let c(u) = -72*u - 1. Give c(-1).
71
Let y(x) = 3*x + 24. What is y(-10)?
-6
Let z(v) = -39*v + 582. Give z(15).
-3
Let f(z) = -z**2 - 11*z + 12. Calculate f(3).
-30
Let b(c) = -c**2 + 14*c - 1. Give b(0).
-1
Let j(v) = -2*v**2 + 5*v + 1. Determine j(5).
-24
Let v(c) = -14*c - 41. Calculate v(-4).
15
Let f(x) = x**3 - 12*x**2 - 10*x - 26. Give f(13).
13
Let q(r) = 11*r + 83. Determine q(-9).
-16
Let p(w) = -w**2 + 7*w - 4. Calculate p(7).
-4
Let v(a) = a**2 + 14*a - 3. What is v(-5)?
-48
Let z(c) = -c**2 - 2*c - 1. What is z(-1)?
0
Let r(o) = -o**3 - 5*o**2 + o - 15. Determine r(-6).
15
Let o(n) = -13*n**2 + 6*n - 11. What is o(3)?
-110
Let b(l) = -2*l**2 - 2*l + 29. Give b(-6).
-31
Let a(y) = -48*y**3 + 2*y**2 + 2*y. Determine a(-1).
48
Let u(r) = -2*r**2 + 7*r + 2. Calculate u(5).
-13
Let t(b) = 3*b**2 + 12*b - 27. What is t(2)?
9
Let w(z) = z**3 + 32*z**2 - 105*z - 3. Determine w(-35).
-3
Let b(u) = -13*u + 141. What is b(11)?
-2
Let y(b) = b**3 - 3*b**2 + b + 2. Determine y(0).
2
Let d(i) = i**2 + 6*i + 12. Determine d(-5).
7
Let h(a) = a + 16. Determine h(-7).
9
Let q(g) = -12*g - 341. What is q(-29)?
7
Let k(i) = -i**3 + i**2 - i + 9. Give k(0).
9
Let k(l) = 8*l**2 + 20*l - 1. What is k(-4)?
47
Let n(u) = -u**3 - 9*u**2 - 18*u + 14. Give n(-4).
6
Let l(h) = -6*h + 122. Calculate l(24).
-22
Let x(d) = d**3 + 3*d**2 - 4*d - 3. Determine x(-4).
-3
Let k(r) = r**3 + 8*r**2 + 9*r + 5. Calculate k(-7).
-9
Let c(l) = -l**3 - 36*l**2 - 69*l - 26. Calculate c(-34).
8
Let q(f) = -34*f**2 - 1. What is q(1)?
-35
Let v(f) = f**3 - 10*f**2 + f - 5. Give v(10).
5
Let z(b) = b - 13. What is z(18)?
5
Let u(d) = -d**2 - 13*d + 17. Calculate u(-13).
17
Let s(b) = -b**3 - 4*b**2 + 5*b + 12. What is s(-4)?
-8
Let s(h) = -h**2 + 10*h - 4. Give s(9).
5
Let d(i) = 5*i - 62. Determine d(15).
13
Let o(h) = -h**3 - 8*h**2 + 9*h - 2. Determine o(-9).
-2
Let q(s) = 4*s. Calculate q(4).
16
Let o(g) = g**2 + 23*g - 71. Calculate o(-26).
7
Let y(c) = c**3 - 3*c**2 + 7*c - 8. Give y(4).
36
Let g(k) = 58*k + 60. Give g(-1).
2
Let h(d) = -d + 13. Calculate h(4).
9
Let r(n) = 66*n**3 + n**2 - 2*n + 1. Calculate r(1).
66
Let f(k) = -k**3 + k**2 - 14. Calculate f(0).
-14
Let t(k) = -2*k**2 + 37*k + 67. Determine t(20).
7
Let u(n) = -n**3 + 13*n**2 - 11*n + 9. Determine u(12).
21
Let g(r) = 3*r + 7. Give g(-2).
1
Let d(u) = u**2 - 2*u. Determine d(1).
-1
Let w(a) = -a**2 + 5*a - 54. Calculate w(0).
-54
Let b(m) = m**2 - 16*m - 28. Determine b(18).
8
Let r(y) = y**2 + 9*y - 14. Calculate r(-13).
38
L